t w be n(-4). Let h(m) be the second derivative of 2*m**5/5 + m**4/6 + m**3/3 + m**2/2 + 51*m. Calculate h(w).
-7
Suppose o - 1 = -5*a, -5*a + 8*a + 4 = 4*o. Let k(h) = 2 + 1 - 9*h - 3 - 3 + 2. Give k(o).
-10
Let n = -876 - -878. Let q(g) = -13*g - 2. Calculate q(n).
-28
Let j(o) = o. Suppose -2*n = 3*k - 8, 5*k - 2*n + 8 = k. Suppose 6 = -5*t + 2*u - 10, 3*t + 5*u + 22 = k. Determine j(t).
-4
Let d(a) = a**3 - 5*a**2 - 16*a + 48. Let w be d(6). Let v(c) = c**3 + 12*c**2 + 2*c + 1. Calculate v(w).
-23
Let j(c) = 6*c**2 - c + 3*c - 14*c**2 + 4*c + 7*c**2 - 6. Let d(p) = -p**2 - 6*p - 2. Let l be d(-4). Give j(l).
-6
Let x(h) be the first derivative of -13 - 7/2*h**2 - 1/4*h**4 + h - 7/3*h**3. Calculate x(-5).
-14
Let f(m) = -m**2 + 5*m + 7. Let l(c) = -c**2 + 7*c + 5. Let d(z) = 6*f(z) - 5*l(z). What is d(-7)?
3
Let d(p) = -2*p**3 - 2*p - 1. Let o be d(-1). Let j(c) = -c**2 + 4*c + 6. Let i(v) = v**2 - 4 - 3*v + 2 - 5 + 0*v. Let x(m) = o*i(m) + 2*j(m). What is x(0)?
-9
Suppose -2*p - 14 = 68. Let m = 44 + p. Let w(k) = -k**3 + 3*k**2 + 3. Calculate w(m).
3
Let z(q) = q - 1. Let t be 4/14 + 3122/49. Suppose -5*u + t = r - 2*r, -3*u + 52 = -4*r. Suppose 0 = 2*n - u. Give z(n).
5
Let v = 3 - -2. Suppose 3*o = v*w - 36, o + o = 3*w - 21. Let u(j) = 5*j + w + 6*j + j**2 - 4*j. Give u(-6).
3
Let b(a) = a - 8. Let j = 7 - -1. Let z be -1 + 1 + j + 2. Let v be b(z). Let f(w) = -2*w**3 + 4*w**2 - 2*w - 1. Give f(v).
-5
Let d(m) = -1 - 2 + 3*m + 0. Let y be (-4)/(2 - 4) - 4. Let h be (-2 - 0)*(y + 1). What is d(h)?
3
Let z(m) = -3*m + 21. Let c(x) = 15*x + 126. Let t be c(-8). What is z(t)?
3
Let t(p) = -p + 5. Let z(w) = 5*w - 30. Let y be z(7). Suppose -3*c - u = -12, 5*u - 7 = c + y. What is t(c)?
2
Let h(z) = 28*z + 1. Let i be (-7)/(-21) + (-16)/12. What is h(i)?
-27
Suppose 5*n = 4*v - 26, -2*v + n - 5*n = 0. Suppose -2*j - 8 = -0*j + a, 5*j + v*a + 14 = 0. Let t(b) = -b**3 - 6*b**2 + b + 7. Calculate t(j).
1
Let n(q) = -q - 7. Let b(i) = 3. Let z(h) = 5*b(h) + 2*n(h). Let y(c) = c + 35. Let g be y(-15). Suppose -5*f = 2*x - g, 0 = -f + 5*x + 10 + 21. Determine z(f).
-11
Let f(n) be the second derivative of n**3/3 + 4*n**2 - 14*n - 1. Calculate f(8).
24
Let h(r) = -2*r - 16. Let j be h(-6). Let u be -1 + (j - -2) - 27. Let z = 36 + u. Let a(i) = -i. Determine a(z).
-6
Let x(f) be the third derivative of f**5/60 + f**4/8 - f**3/3 + 2*f**2 + 107. Determine x(-2).
-4
Let x(p) be the second derivative of -p**4/12 + 2*p**3/3 - 7*p**2/2 + 4*p. Let u = -251 + 256. Determine x(u).
-12
Let k = 13 + -18. Let s = 18 + -16. Let h(x) = -s*x**3 + 4*x**3 - 5*x**2 - 3*x**3 + 6 + 2*x. Determine h(k).
-4
Let a(r) be the third derivative of -10*r**2 + 0 - 1/24*r**4 + 0*r - 1/3*r**3. Suppose 12 = -j - 3*j. What is a(j)?
1
Let w = -16 + 27. Let z = -11 + w. Suppose -3*q - q = z. Let m(s) = s**2 + s + 1. Give m(q).
1
Let l(p) = 348*p**3 - 164*p**3 + 11*p**2 - 10 - 183*p**3. Calculate l(-11).
-10
Let b = 494 + -495. Let n(d) = 7*d**2 + 3*d + 1. Determine n(b).
5
Let b(o) = -23*o + 94*o - 72*o - 1. Determine b(0).
-1
Let h(t) be the second derivative of -t**3/6 + 2*t. Suppose 3*i + 18 = -9. Let p = i + 9. What is h(p)?
0
Let a(p) = -9*p**2 + 6*p - 5. Let t(f) = -4 + 3*f**2 + 7*f - 12*f**2 - 2*f. Let r be (-336)/54 + (-2)/(-9). Let x(q) = r*t(q) + 5*a(q). Give x(-1).
8
Let f(v) = 35*v - 65. Let y be f(2). Let t(x) = -x**3 + 5*x**2 + 5*x. Give t(y).
25
Let a(g) = 2*g**2. Let n(y) be the second derivative of -y**3/6 + 15*y**2/2 - y. Let c be n(13). Determine a(c).
8
Let a(g) be the third derivative of 0 + 0*g + 0*g**3 - 8*g**2 + 1/24*g**4. What is a(-4)?
-4
Let q(f) = f**3 - f + 2. Let b(i) = -i**3 + 5*i**2 - i - 7. Let d(h) = -b(h) - 2*q(h). Calculate d(-4).
-25
Let d(p) = p**2 - 4*p + 2. Let q = -337 + 340. Give d(q).
-1
Let l(k) = 6*k**2 + 16*k + 163. Let v(m) = m**2 + 3*m + 33. Let z(w) = 2*l(w) - 11*v(w). What is z(-5)?
-7
Let q(h) be the third derivative of h**5/60 - h**4/24 + 5*h**3/6 + 6*h**2 + 4. Calculate q(0).
5
Let i(a) = -5 + 549*a - 1096*a + 542*a - a**2. Suppose -2*q - 3 - 7 = 0. Give i(q).
-5
Let o(m) = -2*m - 14. Let n = 69 + -77. Give o(n).
2
Let k(f) = -27 - 9 - 4*f - 1 - 6. Let s be k(-12). Let t(u) = -u**3 + 6*u**2 - 4*u - 4. Determine t(s).
1
Let i(t) = 2*t + 11. Let v be i(-4). Let n(d) be the second derivative of -d**5/20 + d**4/3 - d**3/6 - 2*d**2 + 3*d - 3. Give n(v).
2
Let k(a) = -a + 2. Let r(s) = 2*s - 3. Let d(m) = 5*k(m) + 3*r(m). Let f = 15 - 9. What is d(f)?
7
Let n(m) be the second derivative of m**5/20 - m**4/2 + m**3 - 5*m**2/2 - 125*m. Give n(5).
0
Let p(b) = 2*b + 7. Let n be (1380/8)/5*2. Suppose 4*j + 9 = n. Suppose 3*g + j = 3*o, -4*o + 11 = -3*g + o. Determine p(g).
-7
Let s(j) = j**2 - 2*j - 2. Let u be s(4). Let o(i) = 7 + 81930*i**2 - 81931*i**2 - 3 + 3*i + 4. What is o(u)?
-10
Let n(i) be the second derivative of i**4/12 - i**3/6 + 39*i**2/2 - 96*i. Determine n(0).
39
Let r(n) be the third derivative of -n**4/12 + 19*n**3/6 - 184*n**2. Give r(9).
1
Let j = 111 + -104. Let a(s) = 3*s**3 - 28*s**2 - 24*s + 17. Let b(q) = 2*q**3 - 19*q**2 - 16*q + 11. Let w(g) = j*b(g) - 5*a(g). What is w(8)?
-8
Let p(j) = -j - 6. Let z(k) = -4*k - 18. Let q(s) = 7*p(s) - 2*z(s). Let u = 371 - 365. What is q(u)?
0
Let l be 32/6 - 1/3. Let c(q) = 10*q + 10468*q**2 - 2*q - 6 - 10470*q**2. Give c(l).
-16
Let q(z) be the first derivative of 2*z**2 - 1/6*z**3 - 6 + 2*z. Let w(a) be the first derivative of q(a). What is w(-3)?
7
Let q(u) be the third derivative of 0*u - 5/24*u**4 + 0 - 1/120*u**6 + 4/3*u**3 + 9*u**2 - 7/60*u**5. Give q(-6).
2
Let p(g) be the third derivative of g**8/560 + g**7/1260 - g**6/720 - 5*g**4/12 + 14*g**2. Let t(s) be the second derivative of p(s). Determine t(1).
13
Let n(f) = -243*f + 479. Let o be n(2). Let u(q) = -q**2 - 8*q. What is u(o)?
7
Suppose 20*a + 457 - 173 = -51*a. Let c(z) = -2*z - 3 + 4 - 5. Calculate c(a).
4
Let z(f) = -32*f**3 + 73*f + 1 + f**2 + 3 + 4*f**2 - 65*f + 31*f**3. Suppose 2*i - 4*a + 2*a - 8 = 0, -5*a + 40 = 5*i. What is z(i)?
16
Suppose -6*v + v + 125 = 0. Let w(a) = 3*a**2 + 6 - v*a**3 - 2*a + 24*a**3 + a**2 - 2. Let d(s) = s**3 - s**2 + 4. Let b be d(0). Determine w(b).
-4
Let i(u) be the second derivative of -u**5/120 + u**4/12 - 2*u**3/3 - 6*u. Let g(m) be the second derivative of i(m). Let b = 36 - 40. Calculate g(b).
6
Let g(u) = -2*u**3 - 5*u - 8. Let p(b) = b**3 + 2*b + 4. Let c(x) = 2*x - 4. Let d be c(3). Let v(w) = d*g(w) + 5*p(w). Let y be -1*(-1 + 0 + 1). Give v(y).
4
Let h(a) = -a**2 + 4. Let c be h(3). Suppose 0 = 2*g + 4*r - 20 - 0, 0 = 2*r - 8. Let u(j) = -4*j - g*j - 11*j**2 + 10*j**2 - 2. What is u(c)?
3
Let a(d) = -6*d**3 + 1. Let l be (3/24)/((-2)/16). Calculate a(l).
7
Let j(a) = -4*a + 5. Let b(r) = -13*r + 16. Let w(d) = 2*b(d) - 7*j(d). Let f(p) = p**3 - 5*p**2 + 7*p - 9. Let o be f(4). Determine w(o).
3
Let o(x) = 4*x**2 - 4*x**2 - x - x**2. Suppose -5*s + 4*d - 35 = 0, 5*s - 5*d + 30 = -2*d. Let i be o(s). Let z(b) = b**2 + 4*b - 3. What is z(i)?
9
Let k(h) be the third derivative of 0*h + 1/120*h**6 + 0 - 2*h**2 + 0*h**5 - 1/24*h**4 + 0*h**3. Let l be -7 - 0 - (4 - -8 - 17). Determine k(l).
-6
Let u(i) be the third derivative of -i**5/60 - i**4/4 - 2*i**3/3 + 3*i**2. Let v be -3*(115/15 - 6). What is u(v)?
1
Let o(q) be the first derivative of -q**3/3 + 4*q**2 - 10*q - 251. Let y be (-2 + -1)*14/(-6). Determine o(y).
-3
Let q(f) = 26*f**3 + 11*f**2 + 11*f - 6. Let x(w) = -1 + 4*w**2 + 5*w**3 + 3*w - w - 2*w**2. Let m(h) = -2*q(h) + 11*x(h). Suppose -71*y + 76*y = 5. Give m(y).
4
Let i(q) = -12*q**2 + 1. Let u be ((-48)/(-120))/((-2)/5). Calculate i(u).
-11
Let g(c) = -c**3 - 4*c**2 + 4*c - 6. Let w be g(-5). Let t(m) be the first derivative of -m**4/4 - m - 488. Calculate t(w).
0
Let j(g) = -g**3 - 23*g**2 - 21*g + 24. Let y be j(-22). Let q(b) = b**2 - 2. What is q(y)?
2
Let w be (-16)/((-128)/40)*-1. Let k(y) be the third derivative of -y**6/120 - y**5/15 + 7*y**4/24 - y**3/6 - y**2. Determine k(w).
-11
Let b(g) = 75 - 42 - 32 + g. Let v = 4 - 5. Give b(v).
0
Let a = 400 + -391. Let o(f) = f**3 - 8*f**2 - 8*f - 13. Give o(a).
-4
Let t be 14/(-3)*(19 + -16). Let i = t - -17. Let n(h) = -h**2 - h - 3. Determine n(i).
-15
Let o be (-2 - (-4 - 0)) + -1. Suppose 0 = -a +